14*u + 16, -j - u = 9. Is d(j) a prime number?
True
Let m be (-4)/(3/(-3)) - -863. Let w = 2569 - m. Suppose 14*j = 12*j + w. Is j a prime number?
False
Let c(j) = 3*j - 15. Let u be c(6). Suppose -5*d = -2*d + u. Is 3784 - (-5 + d)*(-8)/(-16) a composite number?
True
Let q = -442 - -446. Suppose 5*d + 4936 + 7273 = q*r, -3*r = -d - 9143. Is r composite?
True
Suppose -175353 = -5*y + 4*p, 64*y + 3*p = 60*y + 140270. Is y a prime number?
True
Let r = 85 - 48. Suppose -97*m = -72*m - 6500. Suppose k + r - m = 0. Is k prime?
True
Suppose 2*c = 4*c + 5*o - 31, -30 = -5*c - 3*o. Suppose c*p + 88 = -71. Let m = 412 + p. Is m prime?
True
Let w be (3 - 1/(-1))*-1. Is (w + 0)*-1 - -1*2773 composite?
False
Suppose -t - 24 - 2 = 0. Let y = -50 - t. Is ((-666)/y)/(6/88) prime?
False
Let x(l) = 9*l**2 - 7*l - 69. Is x(28) a prime number?
True
Is (16/(-48)*1625163)/(1 - 2) a composite number?
False
Suppose s + 3*h - 2676 = 0, -3*h + 8*h = -4*s + 10683. Suppose -8*d = -15*d + s. Is d prime?
False
Suppose 3*v - 5*a - 57 = 0, -3*a - 1 + 10 = 0. Is ((-25182)/v)/((-3)/8) a composite number?
True
Suppose p = 2*n + 177389, -3*n + 1226007 = 5*p + 339010. Is p a composite number?
True
Let z(s) = s**3 - 6*s**2 + 9*s + 1. Let p be z(4). Suppose 7*f - p*f - 14 = 0. Suppose f*k - 686 - 1071 = 0. Is k a composite number?
False
Let h(d) = -90*d**3 + 20*d**2 - 27*d - 3. Is h(-20) a composite number?
False
Suppose 4*m - 385 = 135. Suppose m + 230 = -6*z. Is (z + 1)*(-2)/2 composite?
False
Let i(j) = 1652*j. Let o(w) = -w + 1. Let l(u) = -i(u) - 2*o(u). Let z be l(1). Is (z/8)/((-2)/4) a prime number?
False
Let i(s) = -233*s + 17. Let x be i(-3). Let l = x + -150. Suppose -g - l = -3003. Is g a composite number?
False
Let c(w) be the second derivative of -w**5/20 - w**4/4 + w**3/3 + 5*w**2 + 2*w - 6. Let t be c(-2). Is ((-5)/((-5)/1))/(t/2498) a prime number?
True
Let x = 3449 + 463014. Suppose 0 = l + 16*l - x. Is l a composite number?
True
Suppose 42 = -4*p + 2. Let u be (-13)/p*2 + (-22)/(-55). Suppose -u*d + 7*d - 356 = 0. Is d composite?
False
Let v = 151 + -131. Let u be (-5)/2*(-2 - -6). Is -1*8/v - 2544/u a prime number?
False
Let s(m) = -m**3 + 110*m**2 - 213*m - 389. Is s(91) a prime number?
True
Suppose 2*o + f - 140324 = 0, -12*f + 350804 = 5*o - 8*f. Suppose 2*u = 17*x - 13*x - o, 4*u + 52633 = 3*x. Is x prime?
True
Is -4*121678/(-12) - (-9)/81*-3 composite?
False
Suppose 2*a = 3*u + 6685, 8905 = -4*u - 2*a + 3*a. Let k = -1428 - u. Is k prime?
True
Let w(u) = u**2 + 12*u - 25. Let l be w(-14). Suppose -l*i = 5*p - 22597 - 31927, 3*i - 9 = 0. Is p composite?
False
Let v(r) = 759*r + 133. Let m be (-10)/8*(-56)/(-21)*-3. Is v(m) prime?
True
Let r = 31993 + -10848. Is r composite?
True
Suppose -5*y = 15, 5*f - 1051202 - 1124376 = -4*y. Is f composite?
True
Let t be 6/(-4)*(-164)/(-2). Let x = t + 128. Suppose 0 = x*d - 974 + 89. Is d a prime number?
False
Suppose 3 = -c + 6. Suppose 18 = -2*s + c*s. Suppose -s - 2 = 5*w, -2*w = -2*u + 454. Is u composite?
False
Suppose 28543558 + 48810047 = 106*q + 3817483. Is q composite?
True
Suppose -4*j = 3*x - 53516, -j + 4*j + 5*x - 40137 = 0. Is j a prime number?
False
Suppose -52*i + 291530 + 585762 = 0. Is i composite?
False
Suppose 53486723 = 141*w - 8764636. Is w a composite number?
False
Suppose 12*p = 10*p - 5*c + 153527, -5*c - 230328 = -3*p. Is p composite?
False
Let q be (3/((-36)/(-42)))/((-1)/32). Let n = -118 - q. Is -2*(3255/n + -1) a composite number?
False
Let g(l) = -431*l - 14. Suppose -2 = t + 3. Let p be g(t). Let z = -1204 + p. Is z a composite number?
False
Suppose 0 = 48*g - 2810951 - 6701353. Is g a composite number?
False
Let h(n) = -272*n**3 + 3*n**2 - 74*n - 25. Is h(-8) a prime number?
False
Suppose 7*k - 78 = 20. Suppose 8*z - k*z + 286356 = 0. Suppose z = 5*r + 9*r. Is r prime?
False
Suppose -13 = -4*n - 5*b, -3*b = 4*n + b - 12. Let k be 29340/7 + -8 + 180/21. Suppose 2*j = n*o - 0*o + k, -5*j + 10520 = 3*o. Is j composite?
True
Let j(p) = -802*p + 27. Let r(l) = -2407*l + 81. Let d(w) = -8*j(w) + 3*r(w). Is d(-4) a prime number?
False
Suppose 4*p - 7 = -2*d + 7, 14 = -p + 3*d. Let j(s) = -126*s**2 - 7*s. Let l(n) = -126*n**2 - 6*n. Let i(q) = 5*j(q) - 6*l(q). Is i(p) a composite number?
False
Suppose -4*b + 4*i + 233236 = 0, 3*i - 31233 - 202003 = -4*b. Is b a prime number?
True
Let o be (2 - -14 - 2)/(19 - 21). Let v(p) = -43*p**3 + p**2 - 28*p - 23. Is v(o) a prime number?
False
Let s = -133737 - -303659. Is s prime?
False
Suppose -3*w + i - 13056 = -48540, 0 = 3*w - 5*i - 35484. Let y = -17628 + w. Is (y + 4 - 2)/(-2) a prime number?
False
Let t(g) = 17101*g**2 + 62*g + 206. Is t(-3) a prime number?
True
Let g be (-2)/10 + (-1304)/(-20). Suppose -3*c + 12 = 3*z, z + g = 5*c - 3*z. Let v(o) = 77*o + 40. Is v(c) composite?
False
Suppose 12*s + 19971 = 2*z + 9*s, s = z - 9988. Is z a composite number?
True
Let x(v) = -6727*v - 5060. Is x(-69) a composite number?
True
Suppose -n - 2646885 = -4*p, 4*n + 718873 - 3365753 = -4*p. Is p composite?
False
Let x = 57245 + -12024. Is x a composite number?
True
Suppose -12*t + 19*t = -79387. Let h = 24302 + t. Is h a composite number?
True
Suppose 14*j - 12*j = 98. Suppose 5*z - j = 216. Let x = z - 20. Is x a composite number?
True
Is (-2)/((-2)/165799)*(-204 - -205) a composite number?
False
Let t = -4072 + 9465. Suppose 2*c = 3*r - 9538 - t, 4*c + 14925 = 3*r. Let p = r + -1798. Is p a prime number?
True
Let o(s) = -s**3 + 22*s**2 + 99*s + 138. Is o(-55) prime?
False
Let c be 28/(-70) - (-52)/5. Let w(z) = -1 + 17*z + 6*z**2 + c*z - 25*z. Is w(-12) composite?
False
Is 31/(1085/1175710)*(-28)/(-8) a composite number?
False
Suppose 0 = -d + 2*u - 9, 3*d - 4*u + 22 = 3. Let m be d/(39/(-42) - -1). Is (-6)/m + (-2662)/(-77) a prime number?
False
Let s = 2249736 - 1495403. Is s prime?
True
Suppose -4*s = 8, 4*s = z - 22240 + 43. Is z composite?
False
Suppose -n + 15519 = 5*t, t - n = -0*t + 3099. Let d = 6900 - t. Is d prime?
True
Suppose -4*u = -0*d - 5*d + 185, -4*u - 4*d = 176. Let w = u + 44. Is (4*(-4)/8 + -1781)*w prime?
True
Suppose 36 = 2*s + 4*p, -3*s + 5*p = p - 4. Suppose s*w - 18*w = -84590. Is w prime?
False
Suppose -23*a + 16*a = 63. Let g(i) = -i**3 - 10*i**2 - 9*i - 9. Let s be g(a). Is 319/(2/(-3) + (-15)/s) prime?
False
Let n(b) = 33*b**2 + 10*b + 21. Let z = 31 - 31. Let j(c) = c**3 - 8. Let h be j(z). Is n(h) prime?
True
Let h(g) = 4*g**3 + 3*g**2 + 31159. Is h(0) a composite number?
False
Let l(s) be the first derivative of -28 - 5/2*s**2 + 7*s + 0*s**3 + 5/4*s**4. Is l(3) a composite number?
False
Suppose 5*g = 5*b + 30, 4*g = -4*b + 3*g - 9. Suppose -4*i + 3*i = 29779. Is i/(-6) - b/(-18) a prime number?
False
Let q = -404348 - -229644. Is (-2)/(-5) - (q/40 + 1) a prime number?
False
Let o(j) = -3*j + 43 + 50 - 91 + 450*j**2. Is o(1) a composite number?
False
Suppose 3*d + 4*a = 5 + 15, 3*a = -3*d + 18. Suppose 4*v = d, 3*n + 3*v = -n + 15391. Is n prime?
True
Let p = -196687 + 398948. Is p prime?
False
Let k = -483177 + 706822. Is k prime?
False
Let u = -11079 - -63008. Is u a composite number?
False
Suppose -4*c = -5*x + 3294 + 639, 2*c - 2351 = -3*x. Suppose -44*s + x = -39*s. Is s composite?
False
Let d(w) = -2*w - 2. Let f be d(-1). Suppose f*s + s - 21 = 0. Suppose 220 = 2*m - 4*j, 143 = m + j + s. Is m a composite number?
True
Suppose -252430 = -5*m + 5*o, -3746 = 2*m + o - 104721. Is m composite?
True
Suppose -3*n + 8 = -5*n, 5*n - 642907 = -3*v. Is v a composite number?
False
Let h(f) = -685*f**2 - 4*f - 38. Let t(y) = -y**2 - y - 1. Let x(c) = -h(c) + 4*t(c). Is x(-5) prime?
False
Let r(q) = -417*q + 311. Let w be r(-27). Suppose 2*s - w = 672. Is s a composite number?
False
Suppose -3*f = z + 5, 4*z - 5*f - 74 = -43. Suppose 3*q - 2368 = -t, -3184 = -z*q + 4*t - 0*t. Is q a composite number?
True
Let h be -2 - 3/((-12)/16). Suppose h*l - 371 = 7293. Suppose -3*v + v + 949 = r, 4*r = 4*v + l. Is r prime?
False
Suppose -24*a = 41894 + 42706. Let y = a + 5198. Is y prime?
False
Let j(v) = 41*v**2 - 6*v - 10. Let w be (9 + -12)*1/(3/(-2)). Suppose -4*q + 3*r = -29, -3 = -w*q - 2*r + 1. Is j(q) prime?
False
Suppose -2*l + 26 = m - 2*m, -5*m + 39 = 3*l. Let r(k) = 46*k + 51*k + l + 22*k**2 - 2*k**2 - 83*k. Is r(-6) prime?
F